{"id":977,"date":"2023-07-25T17:44:33","date_gmt":"2023-07-25T14:44:33","guid":{"rendered":"https:\/\/cakirspor.com\/?page_id=977"},"modified":"2024-11-25T00:41:09","modified_gmt":"2024-11-24T21:41:09","slug":"insitu-binder-kaucuk-baglayici","status":"publish","type":"page","link":"https:\/\/cakirspor.com\/index.php\/insitu-binder-kaucuk-baglayici\/","title":{"rendered":"\u0130nsitu Binder Kaucuk Baglay\u0131c\u0131"},"content":{"rendered":"\n<h2 class=\"wp-block-heading alignfull has-background\" style=\"background:linear-gradient(180deg,rgb(255,255,255) 71%,rgb(169,184,195) 100%);text-transform:capitalize\">\u0130nstu Binder&#8217;lar, kimyasal yap\u0131lar\u0131na g\u00f6re alifatik ve aromatik olmak \u00fczere ikiye ayr\u0131l\u0131r.<\/h2>\n\n\n\n<div class=\"wp-block-columns alignfull has-text-color has-background is-layout-flex wp-container-core-columns-is-layout-1 wp-block-columns-is-layout-flex\" style=\"color:#000000;background-color:#ffffff\">\n<div class=\"wp-block-column is-layout-flow wp-block-column-is-layout-flow\">\n<h3 class=\"wp-block-heading has-text-align-center\" style=\"font-size:24px;line-height:1.3\"><strong><a href=\"https:\/\/cakirspor.com\/index.php\/instu-binder-epdm-ve-sbr-baglayici\/\">\u0130nsitu Binder Kau\u00e7uk Ba\u011flay\u0131c\u0131 \u2197<\/a><\/strong><\/h3>\n\n\n\n<pre class=\"wp-block-verse has-background\" style=\"background:linear-gradient(180deg,rgb(255,253,253) 65%,rgb(169,184,195) 100%)\">\u0130nstu Binder, kau\u00e7uk gran\u00fclleri ile bir araya gelerek homojen bir kar\u0131\u015f\u0131m olu\u015fturur. Bu kar\u0131\u015f\u0131m, zemine d\u00f6k\u00fcld\u00fc\u011f\u00fcnde ve sertle\u015fti\u011finde, darbelere dayan\u0131kl\u0131, su ge\u00e7irmez ve kaymaz bir y\u00fczey olu\u015fturur. Ayn\u0131 zamanda, zeminin alt\u0131ndaki y\u00fczeye m\u00fckemmel bir yap\u0131\u015fma sa\u011flar.<\/pre>\n\n\n\n<div class=\"wp-block-cover\" style=\"min-height:615px;aspect-ratio:unset;\"><span aria-hidden=\"true\" class=\"wp-block-cover__background has-background-dim-0 has-background-dim\"><\/span><img loading=\"lazy\" decoding=\"async\" width=\"1200\" height=\"1599\" class=\"wp-block-cover__image-background wp-image-9691\" alt=\"\" src=\"https:\/\/cakirspor.com\/wp-content\/uploads\/2024\/11\/sbr-granul-epdm-zemin-kaplama.jpg\" data-object-fit=\"cover\" srcset=\"https:\/\/cakirspor.com\/wp-content\/uploads\/2024\/11\/sbr-granul-epdm-zemin-kaplama.jpg 1200w, https:\/\/cakirspor.com\/wp-content\/uploads\/2024\/11\/sbr-granul-epdm-zemin-kaplama-225x300.jpg 225w, https:\/\/cakirspor.com\/wp-content\/uploads\/2024\/11\/sbr-granul-epdm-zemin-kaplama-768x1023.jpg 768w, https:\/\/cakirspor.com\/wp-content\/uploads\/2024\/11\/sbr-granul-epdm-zemin-kaplama-1153x1536.jpg 1153w\" sizes=\"auto, (max-width: 1200px) 100vw, 1200px\" \/><div class=\"wp-block-cover__inner-container is-layout-flow wp-block-cover-is-layout-flow\">\n<p class=\"has-text-align-center has-text-color has-large-font-size\" style=\"color:#ffffff30\">www.cakirspor.com<\/p>\n<\/div><\/div>\n\n\n\n<div class=\"wp-block-buttons is-layout-flex wp-block-buttons-is-layout-flex\">\n<div class=\"wp-block-button has-custom-width wp-block-button__width-100 is-style-outline is-style-outline--1\"><a class=\"wp-block-button__link has-black-color has-text-color has-background wp-element-button\" href=\"https:\/\/cakirspor.com\/index.php\/epdm-fiyat-listesi\/\" style=\"border-radius:0px;background:linear-gradient(180deg,rgb(255,255,255) 51%,rgb(169,184,195) 100%)\">EPDM Zemim Kaplama Fiyat Listesi<\/a><\/div>\n<\/div>\n<\/div>\n\n\n\n<div class=\"wp-block-column is-layout-flow wp-block-column-is-layout-flow\">\n<h3 class=\"wp-block-heading has-text-align-center\" style=\"font-size:24px;line-height:1.3\"><strong><a href=\"https:\/\/cakirspor.com\/index.php\/karo-kaucuk\/\">Kau\u00e7uk Karo Pres Pu Binder Ba\u011flay\u0131c\u0131 \u2197<\/a><\/strong><\/h3>\n\n\n\n<pre class=\"wp-block-verse has-background\" style=\"background:linear-gradient(180deg,rgb(255,253,253) 65%,rgb(169,184,195) 100%)\">\u0130nstu Binder Kau\u00e7uk Ba\u011flay\u0131c\u0131, poli\u00fcretan re\u00e7inesi temelli, iki bile\u015fenli bir ba\u011flay\u0131c\u0131d\u0131r. Bu re\u00e7ine, kau\u00e7uk gran\u00fclleri ile kar\u0131\u015ft\u0131r\u0131ld\u0131\u011f\u0131nda ve sertle\u015ftirici ile reaksiyona girdi\u011finde, g\u00fc\u00e7l\u00fc ve dayan\u0131kl\u0131 bir polimer a\u011f olu\u015fturur. \u00c7ak\u0131r Spor <\/pre>\n\n\n\n<div class=\"wp-block-cover is-light\" style=\"min-height:615px;aspect-ratio:unset;\"><span aria-hidden=\"true\" class=\"wp-block-cover__background has-background-dim-0 has-background-dim\"><\/span><img loading=\"lazy\" decoding=\"async\" width=\"1200\" height=\"1599\" class=\"wp-block-cover__image-background wp-image-9692\" alt=\"\" src=\"https:\/\/cakirspor.com\/wp-content\/uploads\/2024\/11\/epdm-cocuk-oyun-zeminleri-kaplama.jpg\" data-object-fit=\"cover\" srcset=\"https:\/\/cakirspor.com\/wp-content\/uploads\/2024\/11\/epdm-cocuk-oyun-zeminleri-kaplama.jpg 1200w, https:\/\/cakirspor.com\/wp-content\/uploads\/2024\/11\/epdm-cocuk-oyun-zeminleri-kaplama-225x300.jpg 225w, https:\/\/cakirspor.com\/wp-content\/uploads\/2024\/11\/epdm-cocuk-oyun-zeminleri-kaplama-768x1023.jpg 768w, https:\/\/cakirspor.com\/wp-content\/uploads\/2024\/11\/epdm-cocuk-oyun-zeminleri-kaplama-1153x1536.jpg 1153w\" sizes=\"auto, (max-width: 1200px) 100vw, 1200px\" \/><div class=\"wp-block-cover__inner-container is-layout-flow wp-block-cover-is-layout-flow\">\n<p class=\"has-text-align-center has-text-color has-large-font-size\" style=\"color:#ffffff30\">www.cakirspor.com<\/p>\n<\/div><\/div>\n\n\n\n<div class=\"wp-block-buttons is-layout-flex wp-block-buttons-is-layout-flex\">\n<div class=\"wp-block-button has-custom-width wp-block-button__width-100 is-style-outline is-style-outline--2\"><a class=\"wp-block-button__link has-black-color has-text-color has-background wp-element-button\" href=\"https:\/\/cakirspor.com\/index.php\/epdm\/\" style=\"border-radius:0px;background:linear-gradient(180deg,rgb(255,255,255) 51%,rgb(169,184,195) 100%)\">EPDM Kau\u00e7uk Gran\u00fcl \u00c7e\u015fitleri<\/a><\/div>\n<\/div>\n<\/div>\n\n\n\n<div class=\"wp-block-column is-layout-flow wp-block-column-is-layout-flow\">\n<h3 class=\"wp-block-heading has-text-align-center\" style=\"font-size:24px;line-height:1.3\"><strong><a href=\"https:\/\/cakirspor.com\/index.php\/poliuretan\/\">Alifatik \u0130nsitu Binder\u2197<\/a><\/strong><\/h3>\n\n\n\n<pre class=\"wp-block-verse has-background\" style=\"background:linear-gradient(180deg,rgb(255,253,253) 65%,rgb(169,184,195) 100%)\">EPDM ve SBR kau\u00e7uk gran\u00fclleri aras\u0131ndaki farklar\nFarkl\u0131 zemin t\u00fcrleri i\u00e7in uygun \u0130nstu Binder se\u00e7imi\n\u0130nstu Binder uygulamas\u0131nda dikkat edilmeisi gereken unsurlar \nHayata Spor Kat \u0130yi Sporlar \u00c7ak\u0131r Spor.<\/pre>\n\n\n\n<div class=\"wp-block-cover is-light\" style=\"min-height:615px;aspect-ratio:unset;\"><span aria-hidden=\"true\" class=\"wp-block-cover__background has-background-dim-0 has-background-dim\"><\/span><img loading=\"lazy\" decoding=\"async\" width=\"1920\" height=\"2560\" class=\"wp-block-cover__image-background wp-image-9693\" alt=\"\" src=\"https:\/\/cakirspor.com\/wp-content\/uploads\/2024\/11\/epdm-zemin-kaplama-sistemleri-scaled.jpg\" data-object-fit=\"cover\" srcset=\"https:\/\/cakirspor.com\/wp-content\/uploads\/2024\/11\/epdm-zemin-kaplama-sistemleri-scaled.jpg 1920w, https:\/\/cakirspor.com\/wp-content\/uploads\/2024\/11\/epdm-zemin-kaplama-sistemleri-225x300.jpg 225w, https:\/\/cakirspor.com\/wp-content\/uploads\/2024\/11\/epdm-zemin-kaplama-sistemleri-768x1024.jpg 768w, https:\/\/cakirspor.com\/wp-content\/uploads\/2024\/11\/epdm-zemin-kaplama-sistemleri-1152x1536.jpg 1152w, https:\/\/cakirspor.com\/wp-content\/uploads\/2024\/11\/epdm-zemin-kaplama-sistemleri-1536x2048.jpg 1536w\" sizes=\"auto, (max-width: 1920px) 100vw, 1920px\" \/><div class=\"wp-block-cover__inner-container is-layout-flow wp-block-cover-is-layout-flow\">\n<p class=\"has-text-align-center has-text-color has-large-font-size\" style=\"color:#ffffff30\">www.cakirspor.com<\/p>\n<\/div><\/div>\n\n\n\n<div class=\"wp-block-buttons is-layout-flex wp-block-buttons-is-layout-flex\">\n<div class=\"wp-block-button has-custom-width wp-block-button__width-100 is-style-outline is-style-outline--3\"><a class=\"wp-block-button__link has-black-color has-text-color has-background wp-element-button\" href=\"https:\/\/cakirspor.com\/index.php\/epdm-kaucuk-granul-renkleri\/\" style=\"border-radius:0px;background:linear-gradient(180deg,rgb(255,255,255) 51%,rgb(169,184,195) 100%)\">EPDM Kau\u00e7uk Renkleri<\/a><\/div>\n<\/div>\n<\/div>\n<\/div>\n\n\n\n<h3 class=\"wp-block-heading alignfull has-text-align-center has-text-color has-background\" style=\"color:#ffffff00;background:linear-gradient(180deg,rgb(255,255,255) 72%,rgb(169,184,195) 100%);text-transform:capitalize\">\u0130nsitu Binder Kau\u00e7uk Ba\u011flay\u0131c\u0131 &#8211; Poli\u00fcretan Bazl\u0131 \u0130nstu Binder \u00dcretim &#8211; Kau\u00e7uk Gran\u00fcl Ba\u011flay\u0131c\u0131lar\u0131n Form\u00fclasyonu ve \u00dcretimi<\/h3>\n\n\n\n<div class=\"wp-block-columns alignfull has-background is-layout-flex wp-container-core-columns-is-layout-2 wp-block-columns-is-layout-flex\" style=\"background:linear-gradient(183deg,rgb(255,255,255) 41%,rgb(169,184,195) 86%)\">\n<div class=\"wp-block-column is-vertically-aligned-center is-layout-flow wp-block-column-is-layout-flow\">\n<p>\u0130nsitu Binder Kau\u00e7uk Ba\u011flay\u0131c\u0131, kau\u00e7uk gran\u00fcllerin yerinde kar\u0131\u015ft\u0131r\u0131larak zemine d\u00f6k\u00fclmesi ve birbirine ba\u011flan\u0131p g\u00fc\u00e7l\u00fc mukavim bir yap\u0131 olu\u015fmas\u0131n\u0131 sa\u011flayan bir malzemedir.<\/p>\n\n\n\n<p>\u0130nsitu Binder Kau\u00e7uk Ba\u011flay\u0131c\u0131, iki bile\u015fenlidir. Birinci bile\u015fen, poli\u00fcretan re\u00e7inedir. \u0130kinci bile\u015fen ise, poli\u00fcretan re\u00e7inenin polimerizasyonunu ba\u015flatan bir sertle\u015ftiricidir.<\/p>\n\n\n\n<p>\u0130nsitu Binder Kau\u00e7uk Ba\u011flay\u0131c\u0131, a\u015fa\u011f\u0131daki \u00f6zelliklere sahiptir:<\/p>\n\n\n\n<p>\u0130nsitu Binder Kau\u00e7uk Ba\u011flay\u0131c\u0131, a\u015fa\u011f\u0131daki alanlarda kullan\u0131l\u0131r:<\/p>\n\n\n\n<ul class=\"wp-block-list\">\n<li><strong>\u00c7ocuk oyun alanlar\u0131:<\/strong>&nbsp;\u0130nsitu Binder Kau\u00e7uk Ba\u011flay\u0131c\u0131, \u00e7ocuk oyun alanlar\u0131nda g\u00fcvenli ve kaymaz bir zemin olu\u015fturmak i\u00e7in kullan\u0131l\u0131r.<\/li>\n\n\n\n<li><strong>Spor sahalar\u0131:<\/strong>&nbsp;\u0130nsitu Binder Kau\u00e7uk Ba\u011flay\u0131c\u0131, spor sahalar\u0131nda darbelere dayan\u0131kl\u0131 ve kaymaz bir zemin olu\u015fturmak i\u00e7in kullan\u0131l\u0131r.<\/li>\n\n\n\n<li><strong>Y\u00fcr\u00fcy\u00fc\u015f yollar\u0131:<\/strong>&nbsp;\u0130nsitu Binder Kau\u00e7uk Ba\u011flay\u0131c\u0131, y\u00fcr\u00fcy\u00fc\u015f yollar\u0131nda kaymaz ve dayan\u0131kl\u0131 bir zemin olu\u015fturmak i\u00e7in kullan\u0131l\u0131r.<\/li>\n\n\n\n<li><strong>End\u00fcstriyel zemin kaplamalar\u0131:<\/strong>&nbsp;\u0130nsitu Binder Kau\u00e7uk Ba\u011flay\u0131c\u0131, end\u00fcstriyel zeminlerde a\u015f\u0131nmaya ve kimyasallara dayan\u0131kl\u0131 bir zemin olu\u015fturmak i\u00e7in kullan\u0131l\u0131r.<\/li>\n<\/ul>\n<\/div>\n\n\n\n<div class=\"wp-block-column is-layout-flow wp-block-column-is-layout-flow\">\n<figure class=\"wp-block-embed aligncenter is-type-video is-provider-youtube wp-block-embed-youtube wp-embed-aspect-16-9 wp-has-aspect-ratio\"><div class=\"wp-block-embed__wrapper\">\n<iframe loading=\"lazy\" title=\"Epdm \u00c7ocuk Oy\u0131n zemini kaplama\" width=\"715\" height=\"402\" src=\"https:\/\/www.youtube.com\/embed\/bKiMyq2Ben8?feature=oembed\" frameborder=\"0\" allow=\"accelerometer; autoplay; clipboard-write; encrypted-media; gyroscope; picture-in-picture; web-share\" referrerpolicy=\"strict-origin-when-cross-origin\" allowfullscreen><\/iframe>\n<\/div><figcaption class=\"wp-element-caption\"><strong>EPDM Zemin Kaplama \u0130nstu Binder Ba\u011flay\u0131c\u0131 Oran\u0131 % 20 SBR ve EPDM A\u011fr\u0131l\u0131\u011f\u0131n\u0131n . <\/strong><\/figcaption><\/figure>\n<\/div>\n\n\n\n<div class=\"wp-block-column is-vertically-aligned-center is-layout-flow wp-block-column-is-layout-flow\">\n<ul class=\"wp-block-list\">\n<li><strong>Y\u00fcksek mukavemet:<\/strong>&nbsp;\u0130nsitu Binder Kau\u00e7uk Ba\u011flay\u0131c\u0131, kau\u00e7uk gran\u00fcllerini birbirine g\u00fc\u00e7l\u00fc bir \u015fekilde ba\u011flar.<\/li>\n\n\n\n<li><strong>Esneklik:<\/strong>&nbsp;\u0130nsitu Binder Kau\u00e7uk Ba\u011flay\u0131c\u0131, kau\u00e7uk gran\u00fcllerin esnekli\u011fini korur.<\/li>\n\n\n\n<li><strong>Dayan\u0131kl\u0131l\u0131k:<\/strong>&nbsp;\u0130nsitu Binder Kau\u00e7uk Ba\u011flay\u0131c\u0131, d\u0131\u015f etkenlere kar\u015f\u0131 dayan\u0131kl\u0131d\u0131r.<\/li>\n\n\n\n<li>\u00c7ak\u0131r Spor Hayata Spor Kat \u0130yi Sporlar.<\/li>\n<\/ul>\n\n\n\n<p>\u0130nsitu Binder \u00dcretimi Ankara Keresteciler Kazan. \u0130nsitu Binder Kau\u00e7uk Ba\u011flay\u0131c\u0131, a\u015fa\u011f\u0131daki \u015fekilde uygulan\u0131r: <\/p>\n\n\n\n<ol class=\"wp-block-list\">\n<li><strong>Y\u00fczey haz\u0131rl\u0131\u011f\u0131:<\/strong>&nbsp;Uygulama yap\u0131lacak y\u00fczey temiz, kuru ve tozsuz olmal\u0131d\u0131r.<\/li>\n\n\n\n<li><strong>Kau\u00e7uk gran\u00fcllerin d\u00f6k\u00fclmesi:<\/strong>&nbsp;Uygulama yap\u0131lacak alana, gerekli kal\u0131nl\u0131kta kau\u00e7uk gran\u00fclleri d\u00f6k\u00fcl\u00fcr.<\/li>\n\n\n\n<li><strong>\u0130nsitu Binder Kau\u00e7uk Ba\u011flay\u0131c\u0131n\u0131n kar\u0131\u015ft\u0131r\u0131lmas\u0131:<\/strong>&nbsp;\u0130nsitu Binder Kau\u00e7uk Ba\u011flay\u0131c\u0131, talimatlara g\u00f6re kar\u0131\u015ft\u0131r\u0131l\u0131r.<\/li>\n\n\n\n<li><strong>\u0130nsitu Binder Kau\u00e7uk Ba\u011flay\u0131c\u0131n\u0131n uygulanmas\u0131:<\/strong>&nbsp;\u0130nsitu Binder Kau\u00e7uk Ba\u011flay\u0131c\u0131, kau\u00e7uk gran\u00fcllerin \u00fczerine d\u00f6k\u00fcl\u00fcr ve f\u0131r\u00e7a veya rulo ile yay\u0131l\u0131r.<\/li>\n\n\n\n<li><strong>Kuruma s\u00fcresi:<\/strong>&nbsp;\u0130nsitu Binder Kau\u00e7uk Ba\u011flay\u0131c\u0131, talimatlara g\u00f6re kurumaya b\u0131rak\u0131l\u0131r.<\/li>\n<\/ol>\n\n\n\n<p>\u0130nsitu Binder Kau\u00e7uk Ba\u011flay\u0131c\u0131, g\u00fcvenli ve dayan\u0131kl\u0131 bir zemin olu\u015fturmak i\u00e7in kullan\u0131lan etkili bir malzemedir.<\/p>\n\n\n\n<p>Cak\u0131r Spor INSITU BINDER-KAUCUK BAGLAYICI<br>\u00b7&nbsp;&nbsp;&nbsp;&nbsp;&nbsp;&nbsp;&nbsp;&nbsp; Tek Bilesenli<br>\u00b7&nbsp;&nbsp;&nbsp;&nbsp;&nbsp;&nbsp;&nbsp;&nbsp; Poli\u00fcretan esasl\u0131<br>\u00b7&nbsp;&nbsp;&nbsp;&nbsp;&nbsp;&nbsp;&nbsp;&nbsp; \u0130zosiyanat prepolimeridir&nbsp;<br><em><u>Cak\u0131r Spor Poli\u00fcretan Insitu Binder<\/u><\/em> &nbsp;&nbsp;<br>Atletizim psitleri, Cocuk oyun parklar\u0131, Tenis kortlar\u0131, basketbol sahalar\u0131, voleybol sahalar\u0131, y\u00fcr\u00fcy\u00fcs yollar\u0131, bisiklet yollar\u0131 ve cok amacl\u0131 kapal\u0131, ac\u0131k spor komplekslerinde kullan\u0131lan Sbr Gran\u00fcl ve Epdm gibi tanecikli parcalar\u0131n birbirine baglanmas\u0131n\u0131 saglar. Epdm ve sbr gran\u00fcl\u00fcn esnekligini, yumusakl\u0131g\u0131n\u0131 bozmaz.<\/p>\n<\/div>\n<\/div>\n\n\n\n<div class=\"wp-block-cover alignfull is-light\"><span aria-hidden=\"true\" class=\"wp-block-cover__background has-background-dim-100 has-background-dim has-background-gradient\" style=\"background:linear-gradient(135deg,rgb(255,255,255) 39%,rgb(169,184,195) 100%)\"><\/span><div class=\"wp-block-cover__inner-container is-layout-flow wp-block-cover-is-layout-flow\">\n<div class=\"wp-block-media-text alignfull is-stacked-on-mobile is-vertically-aligned-center is-image-fill\" style=\"grid-template-columns:38% auto\"><figure class=\"wp-block-media-text__media\" style=\"background-image:url(https:\/\/cakirspor.com\/wp-content\/uploads\/2024\/11\/epdm-cocuk-oyun-parki-zemin-kaplama-1.jpg);background-position:50% 50%\"><img loading=\"lazy\" decoding=\"async\" width=\"800\" height=\"600\" src=\"https:\/\/cakirspor.com\/wp-content\/uploads\/2024\/11\/epdm-cocuk-oyun-parki-zemin-kaplama-1.jpg\" alt=\"Minder binder olarak adland\u0131r\u0131lan bu yap\u0131\u015ft\u0131r\u0131c\u0131, gran\u00fclleri birbirine ba\u011flayarak sa\u011flam ve dayan\u0131kl\u0131 bir zemin olu\u015fturur. Ayn\u0131 zamanda, zeminin esnekli\u011fini art\u0131rarak darbelere kar\u015f\u0131 daha diren\u00e7li olmas\u0131n\u0131 sa\u011flar.\" class=\"wp-image-9712 size-full\" srcset=\"https:\/\/cakirspor.com\/wp-content\/uploads\/2024\/11\/epdm-cocuk-oyun-parki-zemin-kaplama-1.jpg 800w, https:\/\/cakirspor.com\/wp-content\/uploads\/2024\/11\/epdm-cocuk-oyun-parki-zemin-kaplama-1-300x225.jpg 300w, https:\/\/cakirspor.com\/wp-content\/uploads\/2024\/11\/epdm-cocuk-oyun-parki-zemin-kaplama-1-768x576.jpg 768w\" sizes=\"auto, (max-width: 800px) 100vw, 800px\" \/><\/figure><div class=\"wp-block-media-text__content\">\n<h2 class=\"wp-block-heading has-text-color\" style=\"color:#000000;font-size:32px\"><strong>Kau\u00e7uk Ba\u011flay\u0131c\u0131s\u0131 \u0130nsitu Binder<\/strong><\/h2>\n\n\n\n<p class=\"has-text-color\" style=\"color:#000000;font-size:17px\">Uygulama yap\u0131lacak zeminin toz, kir gibi yabanc\u0131 maddelerden ar\u0131nd\u0131r\u0131lm\u0131\u015f olmas\u0131 gerekmektedir. Yeni d\u00f6k\u00fclm\u00fc\u015f beton zeminlerde en az 15 g\u00fcnl\u00fck k\u00fcrlenme s\u00fcresi beklenmelidir.<\/p>\n\n\n\n<p>SBR gran\u00fcl ve EPDM kar\u0131\u015f\u0131m\u0131nda, a\u011f\u0131rl\u0131k\u00e7a %20 oran\u0131nda <strong>kau\u00e7uk ba\u011flay\u0131c\u0131 binder<\/strong> (kau\u00e7uk yap\u0131\u015ft\u0131r\u0131c\u0131) ilave edilmelidir. Malzemeler en az 5 dakika boyunca iyice kar\u0131\u015ft\u0131r\u0131ld\u0131ktan sonra, finisher veya mala yard\u0131m\u0131yla y\u00fczeye e\u015fit olarak da\u011f\u0131t\u0131lmal\u0131d\u0131r.<\/p>\n\n\n\n<p><strong>\u00c7ocuk oyun alanlar\u0131, \u00e7ocuk parklar\u0131 ve atletizm pistleri gibi alanlarda kullan\u0131lan d\u00f6kme kau\u00e7uk zemin kaplamalar\u0131<\/strong> <strong>binder<\/strong> olarak adland\u0131r\u0131lan bu yap\u0131\u015ft\u0131r\u0131c\u0131, gran\u00fclleri birbirine ba\u011flayarak sa\u011flam ve dayan\u0131kl\u0131 bir zemin olu\u015fturur. Ayn\u0131 zamanda, zeminin esnekli\u011fini art\u0131rarak darbelere kar\u015f\u0131 daha diren\u00e7li olmas\u0131n\u0131 sa\u011flar.<\/p>\n\n\n\n<p><strong>Lojistik:<\/strong> Malzemeler, 225 kg&#8217;l\u0131k metal varillerde paketlenmektedir. Binder miktar\u0131, gran\u00fcl miktar\u0131n\u0131n %20&#8217;si kadar olmal\u0131d\u0131r.<\/p>\n\n\n\n<p>Uygulama \u00f6ncesi ve s\u0131ras\u0131nda \u00fcretici firman\u0131n teknik bilgilerine mutlaka uyulmal\u0131d\u0131r. Zemin haz\u0131rl\u0131\u011f\u0131, malzeme kar\u0131\u015f\u0131m\u0131 ve uygulama a\u015famalar\u0131nda dikkatli olunmas\u0131, uzun \u00f6m\u00fcrl\u00fc ve g\u00fcvenli bir zemin elde etmek i\u00e7in \u00f6nemlidir.&#8221; \u00c7ak\u0131r Spor Hayata Spor Kat \u0130yi Sporlar.<\/p>\n\n\n\n<div class=\"wp-block-buttons is-content-justification-center is-layout-flex wp-container-core-buttons-is-layout-4 wp-block-buttons-is-layout-flex\">\n<div class=\"wp-block-button is-style-outline is-style-outline--4\"><a class=\"wp-block-button__link has-black-color has-text-color has-background wp-element-button\" href=\"https:\/\/cakirspor.com\/index.php\/instu-binder-epdm-ve-sbr-baglayici\/\" style=\"border-radius:0px;background:linear-gradient(180deg,rgb(255,255,255) 63%,rgb(169,184,195) 95%)\"><strong>DAHA FAZLA B\u0130LG\u0130 ED\u0130N<\/strong><\/a><\/div>\n<\/div>\n<\/div><\/div>\n<\/div><\/div>\n","protected":false},"excerpt":{"rendered":"<p>\u0130nstu Binder&#8217;lar, kimyasal yap\u0131lar\u0131na g\u00f6re alifatik ve aromatik olmak \u00fczere ikiye ayr\u0131l\u0131r. \u0130nsitu Binder Kau\u00e7uk Ba\u011flay\u0131c\u0131 \u2197 \u0130nstu Binder, kau\u00e7uk gran\u00fclleri ile bir araya<\/p>\n","protected":false},"author":1,"featured_media":0,"parent":0,"menu_order":0,"comment_status":"closed","ping_status":"closed","template":"","meta":{"_eb_attr":"","footnotes":""},"class_list":["post-977","page","type-page","status-publish","hentry"],"_links":{"self":[{"href":"https:\/\/cakirspor.com\/index.php\/wp-json\/wp\/v2\/pages\/977","targetHints":{"allow":["GET"]}}],"collection":[{"href":"https:\/\/cakirspor.com\/index.php\/wp-json\/wp\/v2\/pages"}],"about":[{"href":"https:\/\/cakirspor.com\/index.php\/wp-json\/wp\/v2\/types\/page"}],"author":[{"embeddable":true,"href":"https:\/\/cakirspor.com\/index.php\/wp-json\/wp\/v2\/users\/1"}],"replies":[{"embeddable":true,"href":"https:\/\/cakirspor.com\/index.php\/wp-json\/wp\/v2\/comments?post=977"}],"version-history":[{"count":15,"href":"https:\/\/cakirspor.com\/index.php\/wp-json\/wp\/v2\/pages\/977\/revisions"}],"predecessor-version":[{"id":9713,"href":"https:\/\/cakirspor.com\/index.php\/wp-json\/wp\/v2\/pages\/977\/revisions\/9713"}],"wp:attachment":[{"href":"https:\/\/cakirspor.com\/index.php\/wp-json\/wp\/v2\/media?parent=977"}],"curies":[{"name":"wp","href":"https:\/\/api.w.org\/{rel}","templated":true}]}}