{"id":5997,"date":"2024-01-21T04:16:06","date_gmt":"2024-01-21T01:16:06","guid":{"rendered":"https:\/\/cakirspor.com\/?page_id=5997"},"modified":"2026-03-16T01:56:40","modified_gmt":"2026-03-15T22:56:40","slug":"poliuretan-yapistirici-cift-bilesenli","status":"publish","type":"page","link":"https:\/\/cakirspor.com\/index.php\/poliuretan-yapistirici-cift-bilesenli\/","title":{"rendered":"Poli\u00fcretan Yap\u0131\u015ft\u0131r\u0131c\u0131 \u00c7ift Bile\u015fenli"},"content":{"rendered":"\n<h2 class=\"wp-block-heading alignfull has-text-align-center has-text-color has-background has-small-font-size\" style=\"color:#ffffff00;background:linear-gradient(180deg,rgb(255,254,254) 64%,rgb(169,184,195) 100%);text-transform:uppercase\">\u00c7ift Bile\u015fenli Poli\u00fcretan Yap\u0131\u015ft\u0131r\u0131c\u0131 \u00dcretimi ankara \u00e7ak\u0131r spor &#8211; Hal\u0131 Saha ve Suni \u00c7im i\u00e7in En \u0130yi Yap\u0131\u015ft\u0131r\u0131c\u0131 Se\u00e7imi \u00e7ift bile\u015fenli poli\u00fcretan yap\u0131\u015ft\u0131r\u0131c\u0131 &#8211;  End\u00fcstriyel Zeminlerde Poli\u00fcretan Yap\u0131\u015ft\u0131r\u0131c\u0131 Kullan\u0131m\u0131<\/h2>\n\n\n\n<div class=\"wp-block-columns alignfull has-text-color has-background is-layout-flex wp-container-core-columns-is-layout-1 wp-block-columns-is-layout-flex\" style=\"color:#000000;background:linear-gradient(0deg,rgb(255,255,255) 0%,rgb(169,184,195) 88%)\">\n<div class=\"wp-block-column is-layout-flow wp-block-column-is-layout-flow\">\n<h3 class=\"wp-block-heading has-text-align-center\" style=\"font-size:24px;line-height:1.3\"><a href=\"https:\/\/cakirspor.com\/index.php\/poliuretan-zemin-kaplama-sistemleri\/\">Poli\u00fcretan Yap\u0131\u015ft\u0131r\u0131c\u0131s\u0131 Kullan\u0131m Alanlar\u0131\u2197<\/a><\/h3>\n\n\n\n<hr class=\"wp-block-separator has-text-color has-alpha-channel-opacity has-background\" style=\"background-color:#ffffff0d;color:#ffffff0d\"\/>\n\n\n\n<div class=\"wp-block-cover is-light\" style=\"min-height:156px;aspect-ratio:unset;\"><span aria-hidden=\"true\" class=\"wp-block-cover__background has-background-dim-0 has-background-dim\"><\/span><img loading=\"lazy\" decoding=\"async\" width=\"278\" height=\"181\" class=\"wp-block-cover__image-background wp-image-9277\" alt=\"\u00c7ift birle\u015fenli poli\u00fcretan yap\u0131\u015ft\u0131r\u0131c\u0131 \u00fcretim\" src=\"http:\/\/cakirspor.com\/wp-content\/uploads\/2024\/11\/Poliuretan-Yapistirici.jpeg\" data-object-fit=\"cover\"\/><div class=\"wp-block-cover__inner-container is-layout-flow wp-block-cover-is-layout-flow\">\n<h2 class=\"wp-block-heading has-text-align-center has-text-color\" style=\"color:#ffffff47\">www.cakirspor.com<\/h2>\n<\/div><\/div>\n\n\n<div ><style>#sp-ea-9714 .spcollapsing { height: 0; overflow: hidden; transition-property: height;transition-duration: 300ms;}#sp-ea-9714.sp-easy-accordion>.sp-ea-single {margin-bottom: 10px; border: 1px solid #000000; }#sp-ea-9714.sp-easy-accordion>.sp-ea-single>.ea-header a {color: #fc5400;}#sp-ea-9714.sp-easy-accordion>.sp-ea-single>.sp-collapse>.ea-body {background: transparent; color: #444;}#sp-ea-9714.sp-easy-accordion>.sp-ea-single {background: transparent;}#sp-ea-9714.sp-easy-accordion>.sp-ea-single>.ea-header a .ea-expand-icon { float: right; color: #000000;font-size: 16px;}#sp-ea-9714.sp-easy-accordion>.sp-ea-single>.ea-header a .ea-expand-icon {margin-right: 0;}<\/style><div id=\"sp_easy_accordion-1732485742\">\n<div id=\"sp-ea-9714\" class=\"sp-ea-one sp-easy-accordion\" data-ea-active=\"ea-click\" data-ea-mode=\"vertical\" data-preloader=\"\" data-scroll-active-item=\"\" data-offset-to-scroll=\"0\">\n\n<!-- Start accordion card div. -->\n<div class=\"ea-card  sp-ea-single\">\n\t<!-- Start accordion header. -->\n\t<h3 class=\"ea-header\">\n\t\t<!-- Add anchor tag for header. -->\n\t\t<a class=\"collapsed\" id=\"ea-header-97140\" role=\"button\" data-sptoggle=\"spcollapse\" data-sptarget=\"#collapse97140\" aria-controls=\"collapse97140\" href=\"#\"  aria-expanded=\"false\" tabindex=\"0\">\n\t\t<i aria-hidden=\"true\" role=\"presentation\" class=\"ea-expand-icon eap-icon-ea-expand-plus\"><\/i> \u00c7ift Bile\u015fenli Poli\u00fcretan Yap\u0131\u015ft\u0131r\u0131c\u0131 ile G\u00fc\u00e7l\u00fc Ba\u011flar Kurun\t\t<\/a> <!-- Close anchor tag for header. -->\n\t<\/h3>\t<!-- Close header tag. -->\n\t<!-- Start collapsible content div. -->\n\t<div class=\"sp-collapse spcollapse spcollapse\" id=\"collapse97140\" data-parent=\"#sp-ea-9714\" role=\"region\" aria-labelledby=\"ea-header-97140\">  <!-- Content div. -->\n\t\t<div class=\"ea-body\">\n\t\t<h4 data-sourcepos=\"5:1-5:75\"><span style=\"color: #ff6600\"><strong>\u00c7ift Bile\u015fenli Poli\u00fcretan Yap\u0131\u015ft\u0131r\u0131c\u0131 ile Projelerinizi G\u00fc\u00e7lendirin : <\/strong><\/span>\u00c7ift bile\u015fenli poli\u00fcretan yap\u0131\u015ft\u0131r\u0131c\u0131, in\u015faat, otomotiv ve end\u00fcstriyel uygulamalar\u0131n yan\u0131 s\u0131ra spor saha zeminleri, kau\u00e7uk karo zeminler, SBR rulolar\u0131n yap\u0131\u015ft\u0131r\u0131lmas\u0131 gibi \u00f6zel alanlarda da y\u00fcksek performans g\u00f6steren, g\u00fcvenilir bir yap\u0131\u015ft\u0131r\u0131c\u0131d\u0131r. \u0130ki farkl\u0131 bile\u015fenin kar\u0131\u015ft\u0131r\u0131lmas\u0131yla elde edilen bu yap\u0131\u015ft\u0131r\u0131c\u0131, k\u00fcrlendikten sonra son derece g\u00fc\u00e7l\u00fc ve uzun \u00f6m\u00fcrl\u00fc bir ba\u011f olu\u015fturur.<\/h4>\n\t\t<\/div> <!-- Close content div. -->\n\t<\/div> <!-- Close collapse div. -->\n<\/div> <!-- Close card div. -->\n<\/div>\n<\/div>\n<\/div>\n\n\n<pre class=\"wp-block-verse has-text-align-center has-black-color has-text-color has-background\" style=\"background:linear-gradient(180deg,rgb(255,255,255) 74%,rgb(169,184,195) 93%)\">\u00c7ift bile\u015fenli poli\u00fcretan yap\u0131\u015ft\u0131r\u0131c\u0131 nedir ve neden bu kadar \u00f6nemlidir?\n\u00c7ak\u0131r Spor \n<\/pre>\n<\/div>\n\n\n\n<div class=\"wp-block-column is-layout-flow wp-block-column-is-layout-flow\">\n<h3 class=\"wp-block-heading has-text-align-center\" style=\"font-size:24px;line-height:1.3\"><strong><a href=\"https:\/\/cakirspor.com\/index.php\/poliuretan-zemin-kaplama-fiyat-listesi\/\">\u00c7ift Bile\u015fenli Poli\u00fcretan Yap\u0131\u015ft\u0131r\u0131c\u0131 Fiyatlar\u0131 \u2197<\/a><\/strong><\/h3>\n\n\n\n<hr class=\"wp-block-separator has-text-color has-alpha-channel-opacity has-background\" style=\"background-color:#ffffff00;color:#ffffff00\"\/>\n\n\n\n<div class=\"wp-block-cover\" style=\"min-height:157px;aspect-ratio:unset;\"><span aria-hidden=\"true\" class=\"wp-block-cover__background has-background-dim-0 has-background-dim\"><\/span><img loading=\"lazy\" decoding=\"async\" width=\"259\" height=\"194\" class=\"wp-block-cover__image-background wp-image-9278\" alt=\"\" src=\"https:\/\/cakirspor.com\/wp-content\/uploads\/2024\/11\/Hayvan-Yatagi-Yapistiricisi-Cakir-Spor.jpeg\" data-object-fit=\"cover\"\/><div class=\"wp-block-cover__inner-container is-layout-flow wp-block-cover-is-layout-flow\">\n<p class=\"has-text-align-center has-text-color has-large-font-size\" style=\"color:#ffffff26\">www.cakirspor.com<\/p>\n<\/div><\/div>\n\n\n<div ><style>#sp-ea-9717 .spcollapsing { height: 0; overflow: hidden; transition-property: height;transition-duration: 300ms;}#sp-ea-9717.sp-easy-accordion>.sp-ea-single {margin-bottom: 10px; border: 1px solid #ff6600; }#sp-ea-9717.sp-easy-accordion>.sp-ea-single>.ea-header a {color: #ff5400;}#sp-ea-9717.sp-easy-accordion>.sp-ea-single>.sp-collapse>.ea-body {background: transparent; color: #444;}#sp-ea-9717.sp-easy-accordion>.sp-ea-single {background: transparent;}#sp-ea-9717.sp-easy-accordion>.sp-ea-single>.ea-header a .ea-expand-icon { float: right; color: #fc5c00;font-size: 16px;}#sp-ea-9717.sp-easy-accordion>.sp-ea-single>.ea-header a .ea-expand-icon {margin-right: 0;}<\/style><div id=\"sp_easy_accordion-1732486309\">\n<div id=\"sp-ea-9717\" class=\"sp-ea-one sp-easy-accordion\" data-ea-active=\"ea-click\" data-ea-mode=\"vertical\" data-preloader=\"\" data-scroll-active-item=\"\" data-offset-to-scroll=\"0\">\n\n<!-- Start accordion card div. -->\n<div class=\"ea-card  sp-ea-single\">\n\t<!-- Start accordion header. -->\n\t<h3 class=\"ea-header\">\n\t\t<!-- Add anchor tag for header. -->\n\t\t<a class=\"collapsed\" id=\"ea-header-97170\" role=\"button\" data-sptoggle=\"spcollapse\" data-sptarget=\"#collapse97170\" aria-controls=\"collapse97170\" href=\"#\"  aria-expanded=\"false\" tabindex=\"0\">\n\t\t<i aria-hidden=\"true\" role=\"presentation\" class=\"ea-expand-icon eap-icon-ea-expand-plus\"><\/i> Neden \u00c7ift Bile\u015fenli Poli\u00fcretan Yap\u0131\u015ft\u0131r\u0131c\u0131? &#8212;&gt;\t\t<\/a> <!-- Close anchor tag for header. -->\n\t<\/h3>\t<!-- Close header tag. -->\n\t<!-- Start collapsible content div. -->\n\t<div class=\"sp-collapse spcollapse spcollapse\" id=\"collapse97170\" data-parent=\"#sp-ea-9717\" role=\"region\" aria-labelledby=\"ea-header-97170\">  <!-- Content div. -->\n\t\t<div class=\"ea-body\">\n\t\t<ul>\n<li data-sourcepos=\"11:1-11:180\"><strong><span style=\"color: #ff6600\">Y\u00fcksek Dayan\u0131m:<\/span><\/strong> Spor sahalar\u0131n\u0131n yo\u011fun kullan\u0131m\u0131, kau\u00e7uk karolar\u0131n esnekli\u011fi ve SBR rulolar\u0131n d\u0131\u015f etkenlere maruziyeti gibi zorlu ko\u015fullarda bile m\u00fckemmel yap\u0131\u015fma sa\u011flar.<\/li>\n<li data-sourcepos=\"12:1-12:63\"><span style=\"color: #ff6600\"><strong>Esneklik:<\/strong><\/span> Hareketli y\u00fczeylerde bile yap\u0131\u015fma g\u00fcc\u00fcn\u00fc korur.<\/li>\n<li data-sourcepos=\"13:1-13:80\"><span style=\"color: #ff6600\"><strong>Dayan\u0131kl\u0131l\u0131k:<\/strong><\/span> Suya, kimyasallara ve a\u015f\u0131nmaya kar\u015f\u0131 y\u00fcksek diren\u00e7 g\u00f6sterir.<\/li>\n<li data-sourcepos=\"14:1-14:61\"><strong><span style=\"color: #ff6600\">H\u0131zl\u0131 K\u00fcrlenme:<\/span><\/strong> K\u0131sa s\u00fcrede kullan\u0131ma haz\u0131r hale gelir.<\/li>\n<li data-sourcepos=\"15:1-16:0\"><strong><span style=\"color: #ff6600\">\u00c7ok Y\u00f6nl\u00fcl\u00fck:<\/span><\/strong> Farkl\u0131 malzemeleri bir araya getirmek i\u00e7in idealdir.<\/li>\n<\/ul>\n\t\t<\/div> <!-- Close content div. -->\n\t<\/div> <!-- Close collapse div. -->\n<\/div> <!-- Close card div. -->\n<\/div>\n<\/div>\n<\/div>\n\n\n<pre class=\"wp-block-verse has-text-align-center has-black-color has-text-color has-background\" style=\"background:linear-gradient(180deg,rgb(254,254,254) 73%,rgb(169,184,195) 97%)\">Hal\u0131 saha, suni \u00e7im, kau\u00e7uk karo gibi alanlarda neden tercih edilir?\nHayata Spor Kat  \n<\/pre>\n<\/div>\n\n\n\n<div class=\"wp-block-column is-layout-flow wp-block-column-is-layout-flow\">\n<h3 class=\"wp-block-heading has-text-align-center\" style=\"font-size:24px;line-height:1.3\"><strong><a href=\"https:\/\/cakirspor.com\/index.php\/cift-bilesenli-poliuretan-yapistirici\/\">Poli\u00fcretan Yap\u0131\u015ft\u0131r\u0131c\u0131 Uygulama A\u015famas\u0131\u2197<\/a><\/strong><\/h3>\n\n\n\n<hr class=\"wp-block-separator has-text-color has-alpha-channel-opacity has-background\" style=\"background-color:#ffffff00;color:#ffffff00\"\/>\n\n\n\n<div class=\"wp-block-cover\" style=\"min-height:156px;aspect-ratio:unset;\"><span aria-hidden=\"true\" class=\"wp-block-cover__background has-background-dim-0 has-background-dim\"><\/span><img loading=\"lazy\" decoding=\"async\" width=\"920\" height=\"2000\" class=\"wp-block-cover__image-background wp-image-9279\" alt=\"\" src=\"https:\/\/cakirspor.com\/wp-content\/uploads\/2024\/11\/Akrilik-zemin-kaplama-44.jpeg\" style=\"object-position:47% 50%\" data-object-fit=\"cover\" data-object-position=\"47% 50%\" srcset=\"https:\/\/cakirspor.com\/wp-content\/uploads\/2024\/11\/Akrilik-zemin-kaplama-44.jpeg 920w, https:\/\/cakirspor.com\/wp-content\/uploads\/2024\/11\/Akrilik-zemin-kaplama-44-138x300.jpeg 138w, https:\/\/cakirspor.com\/wp-content\/uploads\/2024\/11\/Akrilik-zemin-kaplama-44-471x1024.jpeg 471w, https:\/\/cakirspor.com\/wp-content\/uploads\/2024\/11\/Akrilik-zemin-kaplama-44-768x1670.jpeg 768w, https:\/\/cakirspor.com\/wp-content\/uploads\/2024\/11\/Akrilik-zemin-kaplama-44-707x1536.jpeg 707w\" sizes=\"auto, (max-width: 920px) 100vw, 920px\" \/><div class=\"wp-block-cover__inner-container is-layout-flow wp-block-cover-is-layout-flow\">\n<p class=\"has-text-align-center has-text-color has-large-font-size\" style=\"color:#ffffff2e\">www.cakirspor.com<\/p>\n<\/div><\/div>\n\n\n<div ><style>#sp-ea-9719 .spcollapsing { height: 0; overflow: hidden; transition-property: height;transition-duration: 300ms;}#sp-ea-9719.sp-easy-accordion>.sp-ea-single {margin-bottom: 10px; border: 1px solid #000000; }#sp-ea-9719.sp-easy-accordion>.sp-ea-single>.ea-header a {color: #ff5d00;}#sp-ea-9719.sp-easy-accordion>.sp-ea-single>.sp-collapse>.ea-body {background: transparent; color: #444;}#sp-ea-9719.sp-easy-accordion>.sp-ea-single {background: transparent;}#sp-ea-9719.sp-easy-accordion>.sp-ea-single>.ea-header a .ea-expand-icon { float: left; color: #000000;font-size: 16px;}<\/style><div id=\"sp_easy_accordion-1732486588\">\n<div id=\"sp-ea-9719\" class=\"sp-ea-one sp-easy-accordion\" data-ea-active=\"ea-click\" data-ea-mode=\"vertical\" data-preloader=\"\" data-scroll-active-item=\"\" data-offset-to-scroll=\"0\">\n\n<!-- Start accordion card div. -->\n<div class=\"ea-card  sp-ea-single\">\n\t<!-- Start accordion header. -->\n\t<h3 class=\"ea-header\">\n\t\t<!-- Add anchor tag for header. -->\n\t\t<a class=\"collapsed\" id=\"ea-header-97190\" role=\"button\" data-sptoggle=\"spcollapse\" data-sptarget=\"#collapse97190\" aria-controls=\"collapse97190\" href=\"#\"  aria-expanded=\"false\" tabindex=\"0\">\n\t\t<i aria-hidden=\"true\" role=\"presentation\" class=\"ea-expand-icon eap-icon-ea-expand-plus\"><\/i> \u00c7ift Bile\u015fenli Poli\u00fcretan Yap\u0131\u015ft\u0131r\u0131c\u0131 Uygulama \t\t<\/a> <!-- Close anchor tag for header. -->\n\t<\/h3>\t<!-- Close header tag. -->\n\t<!-- Start collapsible content div. -->\n\t<div class=\"sp-collapse spcollapse spcollapse\" id=\"collapse97190\" data-parent=\"#sp-ea-9719\" role=\"region\" aria-labelledby=\"ea-header-97190\">  <!-- Content div. -->\n\t\t<div class=\"ea-body\">\n\t\t<ol data-sourcepos=\"27:1-31:0\">\n<li data-sourcepos=\"27:1-27:86\"><span style=\"color: #ff6600\"><strong>Haz\u0131rl\u0131k:<\/strong><\/span> Yap\u0131\u015ft\u0131r\u0131lacak y\u00fczeyler temiz, kuru ve ya\u011fdan ar\u0131nd\u0131r\u0131lm\u0131\u015f olmal\u0131d\u0131r.<\/li>\n<li data-sourcepos=\"28:1-28:142\"><strong><span style=\"color: #ff6600\">Kar\u0131\u015ft\u0131rma<\/span>:<\/strong> A ve B bile\u015fenleri, hafif devirli bir kar\u0131\u015ft\u0131r\u0131c\u0131 ile 5 dakika boyunca homojen bir kar\u0131\u015f\u0131m elde edilene kadar kar\u0131\u015ft\u0131r\u0131l\u0131r.<\/li>\n<li data-sourcepos=\"29:1-29:78\"><span style=\"color: #ff6600\"><strong>Uygulama:<\/strong><\/span> Kar\u0131\u015f\u0131m, t\u0131rnakl\u0131 mala yard\u0131m\u0131yla y\u00fczeye e\u015fit olarak yay\u0131l\u0131r.<\/li>\n<li data-sourcepos=\"30:1-31:0\"><span style=\"color: #ff6600\"><strong>K\u00fcrlenme:<\/strong><\/span> Kar\u0131\u015f\u0131m\u0131n k\u00fcrlenme s\u00fcresi, ortam s\u0131cakl\u0131\u011f\u0131 ve nemine ba\u011fl\u0131 olarak de\u011fi\u015fir. \u00dcretici firman\u0131n talimatlar\u0131na uyulmal\u0131d\u0131r.<\/li>\n<\/ol>\n<p data-sourcepos=\"32:1-32:126\"><strong>[\u00c7ak\u0131r Spor] <span style=\"color: #ff6600\">\u00e7ift bile\u015fenli poli\u00fcretan yap\u0131\u015ft\u0131r\u0131c\u0131<\/span><\/strong> ile projelerinizde uzun \u00f6m\u00fcrl\u00fc ve g\u00fcvenilir sonu\u00e7lar elde edin.<\/p>\n\t\t<\/div> <!-- Close content div. -->\n\t<\/div> <!-- Close collapse div. -->\n<\/div> <!-- Close card div. -->\n<\/div>\n<\/div>\n<\/div>\n\n\n<pre class=\"wp-block-verse has-text-align-center has-background\" style=\"background:linear-gradient(180deg,rgb(253,253,253) 74%,rgb(169,184,195) 98%)\">Yap\u0131\u015ft\u0131r\u0131c\u0131 \u00fcretiminde kullan\u0131lan temel malzemeler ve y\u00f6ntemler hakk\u0131nda genel bilgi <\/pre>\n<\/div>\n<\/div>\n\n\n\n<h2 class=\"wp-block-heading alignfull has-text-align-left has-text-color has-background has-small-font-size\" style=\"color:#ffffff12;background:linear-gradient(180deg,rgb(255,255,255) 44%,rgb(169,184,195) 100%);text-transform:uppercase\"><strong>\u00c7ift Bile\u015fenli Poli\u00fcretan Yap\u0131\u015ft\u0131r\u0131c\u0131 \u00dcretimi<\/strong> &#8211; \u00c7ift Bile\u015fenli Poli\u00fcretan Yap\u0131\u015ft\u0131r\u0131c\u0131 \u00dcretimi Ankara &#8211; Fabrikam\u0131zdan Direkt &#8211; <strong>Ankara&#8217;da \u00c7ift Bile\u015fenli Poli\u00fcretan Yap\u0131\u015ft\u0131r\u0131c\u0131 \u0130malat\u0131 &#8211; En \u0130yi Fiyatlarl<\/strong>-Poli\u00fcretan Yap\u0131\u015ft\u0131r\u0131c\u0131 \u00dcretimi &#8211; Ankara<\/h2>\n\n\n\n<hr class=\"wp-block-separator has-text-color has-white-color has-alpha-channel-opacity has-white-background-color has-background\"\/>\n\n\n\n<div class=\"wp-block-media-text alignfull has-media-on-the-right is-stacked-on-mobile is-vertically-aligned-center has-background\" style=\"background:linear-gradient(180deg,rgb(255,255,255) 83%,rgb(169,184,195) 100%);grid-template-columns:auto 15%\"><div class=\"wp-block-media-text__content\">\n<figure class=\"wp-block-embed alignright is-type-video is-provider-youtube wp-block-embed-youtube wp-embed-aspect-16-9 wp-has-aspect-ratio\"><div class=\"wp-block-embed__wrapper\">\n<iframe loading=\"lazy\" title=\"Kapal\u0131 Spor Salonu Zemin Kaplama Sbr rulo  \u00dczeri 2 milim Self  Poli\u00fcretan\" width=\"715\" height=\"402\" src=\"https:\/\/www.youtube.com\/embed\/z4yQuUeVldc?feature=oembed\" frameborder=\"0\" allow=\"accelerometer; autoplay; clipboard-write; encrypted-media; gyroscope; picture-in-picture; web-share\" referrerpolicy=\"strict-origin-when-cross-origin\" allowfullscreen><\/iframe>\n<\/div><figcaption class=\"wp-element-caption\">Poli\u00fcretan Kapal\u0131 Spor Salonu Yap\u0131m\u0131 \u00c7ak\u0131r Spor.<\/figcaption><\/figure>\n\n\n\n<p class=\"has-luminous-vivid-orange-color has-text-color\"><strong>Poli\u00fcretan Yap\u0131\u015ft\u0131r\u0131c\u0131 Kar\u0131\u015ft\u0131rma Oranlar\u0131 ve S\u0131cakl\u0131k Aral\u0131klar\u0131 <\/strong><\/p>\n\n\n\n<p>\u00c7ift bile\u015fenli poli\u00fcretan yap\u0131\u015ft\u0131r\u0131c\u0131lar\u0131n do\u011fru bir \u015fekilde kar\u0131\u015ft\u0131r\u0131lmas\u0131, \u00fcr\u00fcn\u00fcn performans\u0131 i\u00e7in kritik \u00f6neme sahiptir. Bu nedenle, \u00fcretici taraf\u0131ndan belirtilen <strong>kar\u0131\u015ft\u0131rma oranlar\u0131na<\/strong> kesinlikle uyulmal\u0131d\u0131r. , A ve B bile\u015fenleri belirli bir a\u011f\u0131rl\u0131k veya hacim oran\u0131nda kar\u0131\u015ft\u0131r\u0131l\u0131r.  <strong>A ve B Bile\u015fenlerinin Kar\u0131\u015ft\u0131r\u0131lmas\u0131:<\/strong> \u0130ki bile\u015fen, genellikle d\u00fc\u015f\u00fck devirli kar\u0131\u015ft\u0131r\u0131c\u0131lar veya vakumlu kar\u0131\u015ft\u0131r\u0131c\u0131lar yard\u0131m\u0131yla homojen bir kar\u0131\u015f\u0131m elde edilene kadar kar\u0131\u015ft\u0131r\u0131l\u0131r. Kar\u0131\u015ft\u0131rma s\u00fcresi ve h\u0131z\u0131, yap\u0131\u015ft\u0131r\u0131c\u0131n\u0131n viskozitesine ve hacmine ba\u011fl\u0131 olarak de\u011fi\u015fir. <strong>S\u0131cakl\u0131k:<\/strong> Kar\u0131\u015ft\u0131rma i\u015flemi s\u0131ras\u0131nda ortam s\u0131cakl\u0131\u011f\u0131 ve kar\u0131\u015f\u0131m\u0131n s\u0131cakl\u0131\u011f\u0131 \u00f6nemlidir. \u00c7ok d\u00fc\u015f\u00fck s\u0131cakl\u0131klarda yap\u0131\u015ft\u0131r\u0131c\u0131n\u0131n viskozitesi artabilir ve kar\u0131\u015ft\u0131rma zorla\u015fabilir. Y\u00fcksek s\u0131cakl\u0131klar ise k\u00fcrle\u015fme s\u00fcrecini h\u0131zland\u0131rabilir ve yap\u0131\u015fma \u00f6zelliklerini olumsuz etkileyebilir. Bu nedenle, 14 \u00b2  taraf\u0131ndan belirtilen s\u0131cakl\u0131k aral\u0131\u011f\u0131na uyulmal\u0131d\u0131r.<\/p>\n\n\n\n<p class=\"has-text-align-center has-luminous-vivid-orange-color has-text-color\"><strong>\u00c7ak\u0131r Spor Zemin Kimyasallar\u0131 Hayata Spor Kat \u0130yi Sporlar<\/strong><\/p>\n<\/div><figure class=\"wp-block-media-text__media\"><img loading=\"lazy\" decoding=\"async\" width=\"768\" height=\"1024\" src=\"https:\/\/cakirspor.com\/wp-content\/uploads\/2024\/11\/sbr-rulo-uzeri-kapali-spor-salonu-118-768x1024.jpg\" alt=\"\" class=\"wp-image-9321 size-full\" srcset=\"https:\/\/cakirspor.com\/wp-content\/uploads\/2024\/11\/sbr-rulo-uzeri-kapali-spor-salonu-118-768x1023.jpg 768w, https:\/\/cakirspor.com\/wp-content\/uploads\/2024\/11\/sbr-rulo-uzeri-kapali-spor-salonu-118-225x300.jpg 225w, https:\/\/cakirspor.com\/wp-content\/uploads\/2024\/11\/sbr-rulo-uzeri-kapali-spor-salonu-118-1153x1536.jpg 1153w, https:\/\/cakirspor.com\/wp-content\/uploads\/2024\/11\/sbr-rulo-uzeri-kapali-spor-salonu-118.jpg 1200w\" sizes=\"auto, (max-width: 768px) 100vw, 768px\" \/><\/figure><\/div>\n\n\n\n<p><\/p>\n\n\n\n<blockquote class=\"wp-block-quote is-layout-flow wp-block-quote-is-layout-flow\">\n<p class=\"has-text-align-center has-medium-font-size\">\u00c7ift bile\u015fenli poli\u00fcretan yap\u0131\u015ft\u0131r\u0131c\u0131lar, sunduklar\u0131 y\u00fcksek performans ve \u00e7ok y\u00f6nl\u00fc kullan\u0131m alanlar\u0131 sayesinde bir\u00e7ok sekt\u00f6rde tercih edilmektedir. Yap\u0131\u015fma g\u00fcc\u00fc, dayan\u0131kl\u0131l\u0131k, esneklik ve h\u0131zl\u0131 k\u00fcrlenme gibi \u00f6zellikleri, bu yap\u0131\u015ft\u0131r\u0131c\u0131lar\u0131 end\u00fcstriyel uygulamalarda vazge\u00e7ilmez k\u0131lar.<\/p>\n<\/blockquote>\n\n\n\n<h2 class=\"wp-block-heading has-text-align-center has-luminous-vivid-orange-color has-text-color\" style=\"font-size:19px;line-height:1.4;text-transform:uppercase\"><strong>\u00c7ift Bile\u015fenli Poli\u00fcretan Yap\u0131\u015ft\u0131r\u0131c\u0131 \u00dcretimi: Ad\u0131m Ad\u0131m K\u0131lavuz.<\/strong><\/h2>\n\n\n\n<blockquote class=\"wp-block-quote is-layout-flow wp-block-quote-is-layout-flow\">\n<p class=\"has-text-align-center has-background\" style=\"background:linear-gradient(180deg,rgb(255,255,255) 77%,rgb(169,184,195) 100%);font-size:18px\">\u00c7ift bile\u015fenli poli\u00fcretan yap\u0131\u015ft\u0131r\u0131c\u0131lar, end\u00fcstriyel uygulamalarda ve g\u00fcnl\u00fck hayatta bir\u00e7ok alanda kullan\u0131lan, y\u00fcksek performansl\u0131 yap\u0131\u015ft\u0131r\u0131c\u0131 t\u00fcrleridir. Bu yap\u0131\u015ft\u0131r\u0131c\u0131lar\u0131n \u00e7e\u015fitli sekt\u00f6rlerde tercih edilmesinin ba\u015fl\u0131ca nedeni, sunduklar\u0131 \u00fcst\u00fcn yap\u0131\u015fma g\u00fcc\u00fc, dayan\u0131kl\u0131l\u0131k ve esnekliktir<\/p>\n<\/blockquote>\n\n\n\n<hr class=\"wp-block-separator alignfull has-text-color has-cyan-bluish-gray-color has-alpha-channel-opacity has-cyan-bluish-gray-background-color has-background is-style-wide\"\/>\n\n\n\n<div class=\"wp-block-columns alignfull has-white-background-color has-background is-layout-flex wp-container-core-columns-is-layout-2 wp-block-columns-is-layout-flex\">\n<div class=\"wp-block-column has-background is-layout-flow wp-block-column-is-layout-flow\" style=\"background:linear-gradient(180deg,rgb(255,255,255) 81%,rgb(255,105,0) 100%)\">\n<blockquote class=\"wp-block-quote is-layout-flow wp-block-quote-is-layout-flow\">\n<p class=\"has-text-align-center has-medium-font-size\"><strong>Poli\u00fcretan yap\u0131\u015ft\u0131r\u0131c\u0131<\/strong> \u00fcretiminde kullan\u0131lan temel hammaddeler: poliol, izosiyanat, dolgu maddeleri, kataliz\u00f6rler.<\/p>\n<\/blockquote>\n\n\n\n<ul class=\"wp-block-list\">\n<li><strong>Poliol:<\/strong> Yap\u0131\u015ft\u0131r\u0131c\u0131n\u0131n esnekli\u011fini ve yap\u0131\u015fma g\u00fcc\u00fcn\u00fc art\u0131ran ana bile\u015fen.<\/li>\n\n\n\n<li><strong>\u0130zosiyanat:<\/strong> Poliol ile reaksiyona girerek yap\u0131\u015ft\u0131r\u0131c\u0131y\u0131 sertle\u015ftiren bile\u015fen.<\/li>\n\n\n\n<li><strong>Dolgu maddeleri:<\/strong> Yap\u0131\u015ft\u0131r\u0131c\u0131n\u0131n yo\u011funlu\u011funu, viskozitesini ve maliyetini etkileyen maddeler.<\/li>\n\n\n\n<li><strong>Kataliz\u00f6rler:<\/strong> Reaksiyon h\u0131z\u0131n\u0131 kontrol eden ve k\u00fcrle\u015fme s\u00fcresini belirleyen maddeler.<\/li>\n<\/ul>\n<\/div>\n\n\n\n<div class=\"wp-block-column has-background has-medium-font-size is-layout-flow wp-block-column-is-layout-flow\" style=\"background:linear-gradient(180deg,rgb(255,255,255) 83%,rgb(255,105,0) 100%)\">\n<blockquote class=\"wp-block-quote has-text-align-center is-layout-flow wp-block-quote-is-layout-flow\">\n<p class=\"has-medium-font-size\"><strong>\u00c7ift bile\u015fenli poli\u00fcretan yap\u0131\u015ft\u0131r\u0131c\u0131<\/strong> \u00fcretiminde, kalite kontrol s\u00fcre\u00e7leri b\u00fcy\u00fck \u00f6nem ta\u015f\u0131r. Hammaddelerin <strong>analizleri<\/strong> yap\u0131ld\u0131ktan sonra, kar\u0131\u015ft\u0131rma ve k\u00fcrle\u015fme s\u00fcre\u00e7leri boyunca d\u00fczenli olarak <strong>testler<\/strong> yap\u0131l\u0131r. <strong>Yap\u0131\u015fma g\u00fcc\u00fc, esneklik, su ge\u00e7irmezlik<\/strong> gibi \u00f6zellikler, standartlara uygunlu\u011fu sa\u011flamak i\u00e7in titizlikle \u00f6l\u00e7\u00fcl\u00fcr. Bu sayede, <strong>m\u00fc\u015fteri memnuniyeti<\/strong> sa\u011flan\u0131r ve \u00fcr\u00fcn\u00fcn uzun \u00f6m\u00fcrl\u00fc olmas\u0131 garanti edilir. <\/p>\n<cite>\u00c7ak\u0131r Spor Hayata Spor Kat \u0130yi Sporlar <\/cite><\/blockquote>\n<\/div>\n<\/div>\n\n\n\n<p><\/p>\n\n\n\n<hr class=\"wp-block-separator has-text-color has-white-color has-alpha-channel-opacity has-white-background-color has-background\"\/>\n\n\n\n<hr class=\"wp-block-separator has-text-color has-white-color has-alpha-channel-opacity has-white-background-color has-background\"\/>\n","protected":false},"excerpt":{"rendered":"<p>\u00c7ift Bile\u015fenli Poli\u00fcretan Yap\u0131\u015ft\u0131r\u0131c\u0131 \u00dcretimi ankara \u00e7ak\u0131r spor &#8211; Hal\u0131 Saha ve Suni \u00c7im i\u00e7in En \u0130yi Yap\u0131\u015ft\u0131r\u0131c\u0131 Se\u00e7imi \u00e7ift bile\u015fenli poli\u00fcretan yap\u0131\u015ft\u0131r\u0131c\u0131 &#8211;<\/p>\n","protected":false},"author":1,"featured_media":0,"parent":0,"menu_order":0,"comment_status":"closed","ping_status":"closed","template":"","meta":{"_eb_attr":"","footnotes":""},"class_list":["post-5997","page","type-page","status-publish","hentry"],"_links":{"self":[{"href":"https:\/\/cakirspor.com\/index.php\/wp-json\/wp\/v2\/pages\/5997","targetHints":{"allow":["GET"]}}],"collection":[{"href":"https:\/\/cakirspor.com\/index.php\/wp-json\/wp\/v2\/pages"}],"about":[{"href":"https:\/\/cakirspor.com\/index.php\/wp-json\/wp\/v2\/types\/page"}],"author":[{"embeddable":true,"href":"https:\/\/cakirspor.com\/index.php\/wp-json\/wp\/v2\/users\/1"}],"replies":[{"embeddable":true,"href":"https:\/\/cakirspor.com\/index.php\/wp-json\/wp\/v2\/comments?post=5997"}],"version-history":[{"count":54,"href":"https:\/\/cakirspor.com\/index.php\/wp-json\/wp\/v2\/pages\/5997\/revisions"}],"predecessor-version":[{"id":15705,"href":"https:\/\/cakirspor.com\/index.php\/wp-json\/wp\/v2\/pages\/5997\/revisions\/15705"}],"wp:attachment":[{"href":"https:\/\/cakirspor.com\/index.php\/wp-json\/wp\/v2\/media?parent=5997"}],"curies":[{"name":"wp","href":"https:\/\/api.w.org\/{rel}","templated":true}]}}